 13*k = -704. Let a be k/(-3 + 1)*1. Suppose 4*b + 0*b = a. What are the prime factors of b?
2, 11
Let j be (1424/(-12))/((-4)/6). Let k = j + -88. List the prime factors of k.
2, 3, 5
Let v be (-115)/(-3) + 2/3. Let j be ((-1)/3)/(13/v). Let h(a) = 37*a**2 - 1. List the prime factors of h(j).
2, 3
Let o be (-12)/8 + 3/(-6). Suppose -19 = 3*w - 4*t, 2*w - 2*t - 3*t + 22 = 0. List the prime factors of (w/(-3))/(o/(-198)).
3, 11
Let p = -84 + 50. Let j = -24 - p. What are the prime factors of j?
2, 5
Suppose 0 = -9*v - 22*v + 101153. List the prime factors of v.
13, 251
Let y(j) = -j**2 - j + 66. Let w be (1 + -1)/(3 - 6). List the prime factors of y(w).
2, 3, 11
Let v be 9/12*(3 - -1). Suppose -5*n + 14 = -v*n. Suppose n*b = 6*b + 32. What are the prime factors of b?
2
Suppose -7 - 48 = -5*w. Let q = -6 + w. Suppose 235 - 20 = q*g. List the prime factors of g.
43
Let s be (1 + -1)*(-8 + 7). Suppose s = -o + 6 + 26. What are the prime factors of o?
2
Let s be (-10)/(3/28 - (-2)/(-8)). Suppose l - s = j + 58, 3*l = -3*j + 384. What are the prime factors of l?
2
Let h(w) = -4 + 2*w + w**2 + w - 3 + 4. Let j be h(-5). Suppose 4*t + j + 10 = m, 3*m - 2*t - 41 = 0. List the prime factors of m.
13
Suppose s + 3*s = -4*g + 8, -6 = -3*s. List the prime factors of (-13)/(65/(-230)) - (2 + g).
2, 11
Suppose -14*p - 6456 = -18*p. List the prime factors of p.
2, 3, 269
Let b be 391/7 - (-2)/14. Suppose 5*x - b = 2*p - 413, 0 = -p + 2*x + 177. What are the prime factors of p?
3, 19
Let b(r) = r**3 + 12*r**2 + 13*r + 10. Let k be b(-8). Suppose -3*v = -0*v - k. List the prime factors of (-18)/45 - v/(-10).
5
Let z = 14 - -14. Suppose -w + z = 2*v, 6*v + 110 = 5*w + v. What are the prime factors of w?
2, 3
Suppose 0 = -33*p + 9*p + 21696. What are the prime factors of p?
2, 113
Let i = -4 + -14. Let p = 80 + i. List the prime factors of p.
2, 31
Let h = -2 - -10. Let c = h - 9. Let g(i) = -4*i**3 + 1. List the prime factors of g(c).
5
Let z = 6493 - 2038. What are the prime factors of z?
3, 5, 11
Let h = 561 - -93. Suppose 0 = 226*m - 224*m - h. List the prime factors of m.
3, 109
Let i = 0 - -15. Let l = 17 + -11. Suppose 0 = -l*k + 3*k + i. What are the prime factors of k?
5
Suppose -1169 = -6*s + 6451. List the prime factors of s.
2, 5, 127
Let y(x) be the third derivative of 2*x**6/15 + x**3/6 - 6*x**2. Let k be y(-1). Let m = 0 - k. What are the prime factors of m?
3, 5
Let v = -716 - -1746. What are the prime factors of v?
2, 5, 103
Let v(s) = -s**3 + 20*s**2 - 7*s + 26. What are the prime factors of v(19)?
2, 127
Suppose -3*x - 69 = -4*x. Let t = x + -38. List the prime factors of t.
31
Let o = -25 + 21. Let y(u) = -2*u**2 - 9*u - 9. Let w be y(o). List the prime factors of (w - 0)/((-3)/6).
2, 5
Let w be (-45)/6*8/(-20). Suppose w*j + 4*f - 162 = 0, f - 13 = -5*j + 240. What are the prime factors of j?
2, 5
Let t be 2 + (-1 - (1 - 4)). Suppose r - 411 = -l - 95, 3*r = -t*l + 948. List the prime factors of r.
2, 79
Let y be 6/27 + (-102)/(-27). Let x be ((-12)/(-9))/(y/6). Suppose 4*f - k - 66 = 0, 2*f - 17 = x*k + 13. List the prime factors of f.
17
Let q be 0*(-1)/2 - -141. Let p = q + -5. List the prime factors of p/12 - (-4)/6.
2, 3
Let h(a) = -170*a**3 - a**2 - 4*a - 2. What are the prime factors of h(-1)?
3, 19
Let u(o) = -104*o - 343. List the prime factors of u(-7).
5, 7, 11
Let l(b) = -2*b**2 - 4*b + 2. Suppose 0 = -2*w + 13 - 3. Let r(p) = 4*p**2 + 7*p - 4. Let q(n) = w*l(n) + 3*r(n). What are the prime factors of q(2)?
2
Let j = -4 - -2. What are the prime factors of (5/j)/(4/(-136))?
5, 17
Let a(i) = 197*i**2 - 7*i - 4. List the prime factors of a(-1).
2, 5
Let s(b) = 14*b + 0*b + 21*b - 11*b + 6. What are the prime factors of s(3)?
2, 3, 13
Let u(c) = c + 3. Let z be u(0). Suppose -5*w + z*w - 6 = 4*p, -4*p = 4*w. List the prime factors of 10/15 + 136/w.
2, 23
Let d(s) = 3*s**2 + 2*s**2 - 6*s + 2 + s**3 + 8*s. Let h be d(-4). What are the prime factors of 4/(-6)*(-405)/h?
3
Suppose 5*p - 216 = -2*l + 225, -l + 228 = 4*p. List the prime factors of l.
2, 13
List the prime factors of 45 + -1 + -8 + 2.
2, 19
Suppose 3*i = -3*i + 60. What are the prime factors of (5 + 280)*4/i?
2, 3, 19
Let x = -66 - -66. Suppose -11*c + 4*c + 616 = x. What are the prime factors of c?
2, 11
Suppose y + 100 = -4*y. Let w = y - -22. Suppose -3*i - w*q + 54 = -i, 2*q + 102 = 4*i. List the prime factors of i.
2, 13
Let b(q) be the third derivative of q**4/24 + 8*q**2. Let d be b(-9). Let x(l) = -l**2 - 11*l - 6. What are the prime factors of x(d)?
2, 3
Let i(r) = r**3 + r**2 + 3*r + 219. What are the prime factors of i(0)?
3, 73
Let r be 4/(-4) - (-10)/2. Let j(s) = 6*s**2 - 4*s - 2. Let t be j(r). Suppose k + k + t = 2*q, 3*q = -3*k + 117. List the prime factors of q.
3, 13
Let z be 7/(36/32 - 1). Suppose -2*m + z = -m. Suppose 0 = y - 0*y + x - 16, 3*y + x - m = 0. What are the prime factors of y?
2, 5
Let m = 0 - 13. Let w be m/39 - 314/(-6). Suppose -d + 156 = 3*l, l + 0*d - 5*d = w. List the prime factors of l.
2, 13
Let v = -304 - -935. List the prime factors of v.
631
Suppose 4 = 2*w, -g + 4*w - 4 - 2 = 0. Suppose 3*x - 109 = -g*i, i = 2*x - 99 + 38. List the prime factors of x.
3, 11
Let a = 24 + -26. Let f be a - -2 - (2 - 1). What are the prime factors of 1 + f - (-49 - -3)?
2, 23
Let l(o) = -40*o + 10. List the prime factors of l(-17).
2, 3, 5, 23
Let x(m) = 750*m - 85. List the prime factors of x(3).
5, 433
Suppose -2*h + 6 = -0*h. Suppose j - 54 = -4*x, -2*x + x = h*j - 151. Suppose 0 = 4*u + 2 - j. List the prime factors of u.
2, 3
Suppose -3*z = 6*z - 945. List the prime factors of z.
3, 5, 7
Let f(k) = -k**2 - 9*k. Let s be f(-7). Suppose -s*b = -9*b - 335. What are the prime factors of b?
67
Suppose -94*t + 56*t + 49704 = 0. What are the prime factors of t?
2, 3, 109
Suppose -5*i - 6*z - 22 = -2*z, 5*z - 22 = 2*i. Suppose -k - 13 - 28 = 0. Let n = i - k. What are the prime factors of n?
5, 7
Suppose 2*u = -7 - 7. Let w(r) = -r**3 - 6*r**2 - 6*r. Let l be w(u). Suppose 0 = -5*t + l - 16. List the prime factors of t.
3, 5
Let b(j) = -j + 11. Let w be b(0). Let g = w - -1. Suppose 0 = -4*u + g + 92. List the prime factors of u.
2, 13
Suppose -84 = -5*g - 9. What are the prime factors of 332/3 - 10/g?
2, 5, 11
Suppose -2*x = 3*x - 15. Suppose 207 = 2*m - b - 2*b, x*m - 328 = b. What are the prime factors of m?
3, 37
Suppose -5*k + 5*u - 3*u + 8888 = 0, 3*u - 8893 = -5*k. What are the prime factors of k?
2, 7, 127
Suppose 936 = -3*r + 11163. What are the prime factors of r?
7, 487
Let c = -19 + 145. Let u = -84 + c. Suppose -u - 86 = -2*m. List the prime factors of m.
2
What are the prime factors of (30 - 34)*215/(-2)?
2, 5, 43
Let k = 3 + 0. Suppose -3*p + 5*p - 75 = k*v, 5*p = -5*v - 125. Let o = v - -43. List the prime factors of o.
2, 3
Suppose c + 3*m - 33 = -2*c, -4*m + 9 = -c. Suppose 8 = -5*w + c*w. Suppose -r = -w*r + 108. List the prime factors of r.
2, 3
Let y = -642 + 980. List the prime factors of y.
2, 13
Suppose 201*w - 1532 = 200*w. What are the prime factors of w?
2, 383
What are the prime factors of 2*(-1)/16 - (-51570)/16?
11, 293
Let v(w) = 29*w**3 - 3*w**2 + 2*w - 1. What are the prime factors of v(2)?
223
Let t(n) = 417*n + 21. List the prime factors of t(2).
3, 5, 19
Suppose 4*o = c + 2061, 4*c = -2*o + 6*c + 1038. List the prime factors of o.
2, 257
Let d(n) = 2*n**2 - 6*n - 139. List the prime factors of d(-12).
13, 17
Let b = 3254 + -2076. List the prime factors of b.
2, 19, 31
Suppose 6*d - 3*d - 3 = 0. Let t be d/(-3)*81/(-3). Let y(x) = x**3 - 10*x**2 + 10*x + 10. List the prime factors of y(t).
19
Let d = 2226 + 884. What are the prime factors of d?
2, 5, 311
Suppose -w - 117 = 4*v, -w + 0*w = -3. Let s = v + 78. What are the prime factors of s?
2, 3
Let f be (20/8)/(-5)*-998. Suppose -6*m + f - 73 = 0. Let w = -11 + m. List the prime factors of w.
2, 3, 5
Suppose -4*i - 6*x + 1936 = -4*x, -i = 3*x - 484. Suppose -4*y + 0*y + i = 0. Let p = y + -82. What are the prime factors of p?
3, 13
Let q be 9570/50 - (-4)/(-10). Suppose -61 - q = -4*u. What are the prime factors of u?
3, 7
Let l(u) = u**3 - 22*u**2 + 7*u - 58. List the prime factors of l(22).
2, 3
Let i(p) = -p**2 - 5*p + 12. Let n be 2 - 0 - 64/8. Let v be i(n). 